{"id":3128,"date":"2023-03-22T20:02:20","date_gmt":"2023-03-22T19:02:20","guid":{"rendered":"https:\/\/soccerfield24.com\/novi-wallet\/"},"modified":"2023-07-06T15:58:56","modified_gmt":"2023-07-06T13:58:56","slug":"novi-wallet","status":"publish","type":"page","link":"https:\/\/www.l-iz.de\/finanzen\/novi-wallet\/","title":{"rendered":"Novi Wallet"},"content":{"rendered":"<p>Novi Wallet ist eine neue und innovative Kryptow\u00e4hrung Wallet, die es Menschen erm\u00f6glicht, digitales Geld zu senden und zu empfangen. Diese Wallet wurde von einer Gruppe von Experten entwickelt, um sicherzustellen, dass sie sicher, zuverl\u00e4ssig und sicher ist. Novi Wallet ist eine v\u00f6llig neue Art des digitalen Geldes, das es Benutzern erm\u00f6glicht, ihre digitalen Assets zu sch\u00fctzen, w\u00e4hrend sie gleichzeitig die M\u00f6glichkeit haben, sie zu verwenden.<\/p>\n<p>Novi Wallet bietet eine einfache und benutzerfreundliche Oberfl\u00e4che, die es Benutzern erm\u00f6glicht, ihr Geld einfach und schnell zu senden und zu empfangen. Die Wallet verf\u00fcgt \u00fcber eine integrierte Sicherheitsschicht, die es Benutzern erm\u00f6glicht, jedes Mal, wenn sie eine Transaktion durchf\u00fchren, ihr Geld zu sch\u00fctzen. Sie verf\u00fcgt \u00fcber eine benutzerdefinierte Benutzeroberfl\u00e4che, die es Benutzern erm\u00f6glicht, ihre Wallet anzupassen, und sie k\u00f6nnen ihre Kryptow\u00e4hrungen und Transaktionen verfolgen, so dass sie immer wissen, was mit ihrem Geld passiert.<\/p>\n<p>Novi Wallet verf\u00fcgt auch \u00fcber eine integrierte Brieftasche, die es Benutzern erm\u00f6glicht, ihr Geld sicher zu speichern und zu verwalten. Die Brieftasche ist mit innovativen Technologien ausgestattet, die dazu beitragen, dass das Geld der Benutzer immer sicher und gesch\u00fctzt ist. Es gibt auch eine integrierte Support-Plattform, auf der Benutzer ihre Fragen stellen und sich bei Problemen an die Entwickler wenden k\u00f6nnen.<\/p>\n<p>Novi Wallet bietet auch einige zus\u00e4tzliche Funktionen, die den Benutzern helfen, ihr Geld zu sch\u00fctzen und zu verwalten. Dazu geh\u00f6rt ein integrierter Wechselkurs-Tracker, der es Benutzern erm\u00f6glicht, die aktuellen Wechselkurse verschiedener Kryptow\u00e4hrungen im Auge zu behalten. Zudem verf\u00fcgt die Wallet \u00fcber eine integrierte Berichterstattungsfunktion, mit der Benutzer einen detaillierten \u00dcberblick \u00fcber ihre Transaktionen erhalten und \u00fcberwachen k\u00f6nnen.<\/p>\n<p>Novi Wallet ist ein sehr sicheres und zuverl\u00e4ssiges digitales Geldsystem, das Benutzern eine einfache und sichere M\u00f6glichkeit bietet, ihr digitales Verm\u00f6gen zu sch\u00fctzen und zu verwalten. Es ist eine sehr intuitive und benutzerfreundliche Oberfl\u00e4che, die es Benutzern erm\u00f6glicht, ihr Geld schnell und einfach zu senden und zu empfangen, und es bietet eine Reihe von Sicherheitsfunktionen, die dazu beitragen, dass das Geld der Benutzer immer sicher und gesch\u00fctzt ist. Es ist eine gro\u00dfartige Option f\u00fcr jeden, der nach einer sicheren L\u00f6sung sucht, um sein digitales Geld zu sch\u00fctzen und zu verwalten.<\/p>\n","protected":false},"excerpt":{"rendered":"<p>Novi Wallet ist eine neue und innovative Kryptow\u00e4hrung Wallet, die es Menschen erm\u00f6glicht, digitales Geld zu senden und zu empfangen. Diese Wallet wurde von einer Gruppe von Experten entwickelt, um sicherzustellen, dass sie sicher, zuverl\u00e4ssig und sicher ist. Novi Wallet ist eine v\u00f6llig neue Art des digitalen Geldes, das es Benutzern erm\u00f6glicht, ihre digitalen Assets [&hellip;]<\/p>\n","protected":false},"author":1,"featured_media":0,"parent":0,"menu_order":0,"comment_status":"closed","ping_status":"closed","template":"","meta":{"footnotes":""},"class_list":["post-3128","page","type-page","status-publish","hentry"],"yoast_head":"<!-- This site is optimized with the Yoast SEO plugin v25.4 - https:\/\/yoast.com\/wordpress\/plugins\/seo\/ -->\n<title>Novi Wallet - Leipziger Zeitung<\/title>\n<meta name=\"robots\" content=\"index, follow, max-snippet:-1, max-image-preview:large, max-video-preview:-1\" \/>\n<link rel=\"canonical\" href=\"https:\/\/www.l-iz.de\/finanzen\/novi-wallet\/\" \/>\n<meta property=\"og:locale\" content=\"de_DE\" \/>\n<meta property=\"og:type\" content=\"article\" \/>\n<meta property=\"og:title\" content=\"Novi Wallet - Leipziger Zeitung\" \/>\n<meta property=\"og:description\" content=\"Novi Wallet ist eine neue und innovative Kryptow\u00e4hrung Wallet, die es Menschen erm\u00f6glicht, digitales Geld zu senden und zu empfangen. Diese Wallet wurde von einer Gruppe von Experten entwickelt, um sicherzustellen, dass sie sicher, zuverl\u00e4ssig und sicher ist. Novi Wallet ist eine v\u00f6llig neue Art des digitalen Geldes, das es Benutzern erm\u00f6glicht, ihre digitalen Assets [&hellip;]\" \/>\n<meta property=\"og:url\" content=\"https:\/\/www.l-iz.de\/finanzen\/novi-wallet\/\" \/>\n<meta property=\"og:site_name\" content=\"Leipziger Zeitung\" \/>\n<meta property=\"article:publisher\" content=\"https:\/\/www.facebook.com\/LeipzigerInternetZeitung\" \/>\n<meta property=\"article:modified_time\" content=\"2023-07-06T13:58:56+00:00\" \/>\n<meta name=\"twitter:card\" content=\"summary_large_image\" \/>\n<meta name=\"twitter:label1\" content=\"Gesch\u00e4tzte Lesezeit\" \/>\n\t<meta name=\"twitter:data1\" content=\"2\u00a0Minuten\" \/>\n<script type=\"application\/ld+json\" class=\"yoast-schema-graph\">{\"@context\":\"https:\/\/schema.org\",\"@graph\":[{\"@type\":\"WebPage\",\"@id\":\"https:\/\/www.l-iz.de\/finanzen\/novi-wallet\/\",\"url\":\"https:\/\/www.l-iz.de\/finanzen\/novi-wallet\/\",\"name\":\"Novi Wallet - Leipziger Zeitung\",\"isPartOf\":{\"@id\":\"https:\/\/www.l-iz.de\/finanzen\/#website\"},\"datePublished\":\"2023-03-22T19:02:20+00:00\",\"dateModified\":\"2023-07-06T13:58:56+00:00\",\"breadcrumb\":{\"@id\":\"https:\/\/www.l-iz.de\/finanzen\/novi-wallet\/#breadcrumb\"},\"inLanguage\":\"de\",\"potentialAction\":[{\"@type\":\"ReadAction\",\"target\":[\"https:\/\/www.l-iz.de\/finanzen\/novi-wallet\/\"]}]},{\"@type\":\"BreadcrumbList\",\"@id\":\"https:\/\/www.l-iz.de\/finanzen\/novi-wallet\/#breadcrumb\",\"itemListElement\":[{\"@type\":\"ListItem\",\"position\":1,\"name\":\"Startseite\",\"item\":\"https:\/\/www.l-iz.de\/finanzen\/\"},{\"@type\":\"ListItem\",\"position\":2,\"name\":\"Novi Wallet\"}]},{\"@type\":\"WebSite\",\"@id\":\"https:\/\/www.l-iz.de\/finanzen\/#website\",\"url\":\"https:\/\/www.l-iz.de\/finanzen\/\",\"name\":\"Leipziger Zeitung\",\"description\":\"Finanz-Anbieter Vergleich &amp; Test [yyyy]: Bewertungen + Erfahrungen\",\"publisher\":{\"@id\":\"https:\/\/www.l-iz.de\/finanzen\/#organization\"},\"potentialAction\":[{\"@type\":\"SearchAction\",\"target\":{\"@type\":\"EntryPoint\",\"urlTemplate\":\"https:\/\/www.l-iz.de\/finanzen\/?s={search_term_string}\"},\"query-input\":{\"@type\":\"PropertyValueSpecification\",\"valueRequired\":true,\"valueName\":\"search_term_string\"}}],\"inLanguage\":\"de\"},{\"@type\":\"Organization\",\"@id\":\"https:\/\/www.l-iz.de\/finanzen\/#organization\",\"name\":\"LZ Medien GmbH\",\"url\":\"https:\/\/www.l-iz.de\/finanzen\/\",\"logo\":{\"@type\":\"ImageObject\",\"inLanguage\":\"de\",\"@id\":\"https:\/\/www.l-iz.de\/finanzen\/#\/schema\/logo\/image\/\",\"url\":\"https:\/\/www.l-iz.de\/finanzen\/wp-content\/uploads\/2022\/09\/cropped-l-iz-logo.jpg\",\"contentUrl\":\"https:\/\/www.l-iz.de\/finanzen\/wp-content\/uploads\/2022\/09\/cropped-l-iz-logo.jpg\",\"width\":1280,\"height\":387,\"caption\":\"LZ Medien GmbH\"},\"image\":{\"@id\":\"https:\/\/www.l-iz.de\/finanzen\/#\/schema\/logo\/image\/\"},\"sameAs\":[\"https:\/\/www.facebook.com\/LeipzigerInternetZeitung\",\"https:\/\/www.youtube.com\/c\/L-izDe\"]}]}<\/script>\n<!-- \/ Yoast SEO plugin. -->","yoast_head_json":{"title":"Novi Wallet - Leipziger Zeitung","robots":{"index":"index","follow":"follow","max-snippet":"max-snippet:-1","max-image-preview":"max-image-preview:large","max-video-preview":"max-video-preview:-1"},"canonical":"https:\/\/www.l-iz.de\/finanzen\/novi-wallet\/","og_locale":"de_DE","og_type":"article","og_title":"Novi Wallet - Leipziger Zeitung","og_description":"Novi Wallet ist eine neue und innovative Kryptow\u00e4hrung Wallet, die es Menschen erm\u00f6glicht, digitales Geld zu senden und zu empfangen. Diese Wallet wurde von einer Gruppe von Experten entwickelt, um sicherzustellen, dass sie sicher, zuverl\u00e4ssig und sicher ist. Novi Wallet ist eine v\u00f6llig neue Art des digitalen Geldes, das es Benutzern erm\u00f6glicht, ihre digitalen Assets [&hellip;]","og_url":"https:\/\/www.l-iz.de\/finanzen\/novi-wallet\/","og_site_name":"Leipziger Zeitung","article_publisher":"https:\/\/www.facebook.com\/LeipzigerInternetZeitung","article_modified_time":"2023-07-06T13:58:56+00:00","twitter_card":"summary_large_image","twitter_misc":{"Gesch\u00e4tzte Lesezeit":"2\u00a0Minuten"},"schema":{"@context":"https:\/\/schema.org","@graph":[{"@type":"WebPage","@id":"https:\/\/www.l-iz.de\/finanzen\/novi-wallet\/","url":"https:\/\/www.l-iz.de\/finanzen\/novi-wallet\/","name":"Novi Wallet - Leipziger Zeitung","isPartOf":{"@id":"https:\/\/www.l-iz.de\/finanzen\/#website"},"datePublished":"2023-03-22T19:02:20+00:00","dateModified":"2023-07-06T13:58:56+00:00","breadcrumb":{"@id":"https:\/\/www.l-iz.de\/finanzen\/novi-wallet\/#breadcrumb"},"inLanguage":"de","potentialAction":[{"@type":"ReadAction","target":["https:\/\/www.l-iz.de\/finanzen\/novi-wallet\/"]}]},{"@type":"BreadcrumbList","@id":"https:\/\/www.l-iz.de\/finanzen\/novi-wallet\/#breadcrumb","itemListElement":[{"@type":"ListItem","position":1,"name":"Startseite","item":"https:\/\/www.l-iz.de\/finanzen\/"},{"@type":"ListItem","position":2,"name":"Novi Wallet"}]},{"@type":"WebSite","@id":"https:\/\/www.l-iz.de\/finanzen\/#website","url":"https:\/\/www.l-iz.de\/finanzen\/","name":"Leipziger Zeitung","description":"Finanz-Anbieter Vergleich &amp; Test [yyyy]: Bewertungen + Erfahrungen","publisher":{"@id":"https:\/\/www.l-iz.de\/finanzen\/#organization"},"potentialAction":[{"@type":"SearchAction","target":{"@type":"EntryPoint","urlTemplate":"https:\/\/www.l-iz.de\/finanzen\/?s={search_term_string}"},"query-input":{"@type":"PropertyValueSpecification","valueRequired":true,"valueName":"search_term_string"}}],"inLanguage":"de"},{"@type":"Organization","@id":"https:\/\/www.l-iz.de\/finanzen\/#organization","name":"LZ Medien GmbH","url":"https:\/\/www.l-iz.de\/finanzen\/","logo":{"@type":"ImageObject","inLanguage":"de","@id":"https:\/\/www.l-iz.de\/finanzen\/#\/schema\/logo\/image\/","url":"https:\/\/www.l-iz.de\/finanzen\/wp-content\/uploads\/2022\/09\/cropped-l-iz-logo.jpg","contentUrl":"https:\/\/www.l-iz.de\/finanzen\/wp-content\/uploads\/2022\/09\/cropped-l-iz-logo.jpg","width":1280,"height":387,"caption":"LZ Medien GmbH"},"image":{"@id":"https:\/\/www.l-iz.de\/finanzen\/#\/schema\/logo\/image\/"},"sameAs":["https:\/\/www.facebook.com\/LeipzigerInternetZeitung","https:\/\/www.youtube.com\/c\/L-izDe"]}]}},"_links":{"self":[{"href":"https:\/\/www.l-iz.de\/finanzen\/wp-json\/wp\/v2\/pages\/3128","targetHints":{"allow":["GET"]}}],"collection":[{"href":"https:\/\/www.l-iz.de\/finanzen\/wp-json\/wp\/v2\/pages"}],"about":[{"href":"https:\/\/www.l-iz.de\/finanzen\/wp-json\/wp\/v2\/types\/page"}],"author":[{"embeddable":true,"href":"https:\/\/www.l-iz.de\/finanzen\/wp-json\/wp\/v2\/users\/1"}],"replies":[{"embeddable":true,"href":"https:\/\/www.l-iz.de\/finanzen\/wp-json\/wp\/v2\/comments?post=3128"}],"version-history":[{"count":1,"href":"https:\/\/www.l-iz.de\/finanzen\/wp-json\/wp\/v2\/pages\/3128\/revisions"}],"predecessor-version":[{"id":7646,"href":"https:\/\/www.l-iz.de\/finanzen\/wp-json\/wp\/v2\/pages\/3128\/revisions\/7646"}],"wp:attachment":[{"href":"https:\/\/www.l-iz.de\/finanzen\/wp-json\/wp\/v2\/media?parent=3128"}],"curies":[{"name":"wp","href":"https:\/\/api.w.org\/{rel}","templated":true}]}}