{"id":3130,"date":"2023-03-22T20:03:09","date_gmt":"2023-03-22T19:03:09","guid":{"rendered":"https:\/\/soccerfield24.com\/non-custodial-wallet\/"},"modified":"2023-07-06T15:58:56","modified_gmt":"2023-07-06T13:58:56","slug":"non-custodial-wallet","status":"publish","type":"page","link":"https:\/\/www.l-iz.de\/finanzen\/non-custodial-wallet\/","title":{"rendered":"Non Custodial Wallet"},"content":{"rendered":"<p>Eine Non-Custodial Wallet ist eine Art von Kryptow\u00e4hrungs-Wallet, die keine Drittpartei ben\u00f6tigt, um den Besitz der W\u00e4hrung zu \u00fcberpr\u00fcfen oder zu verwalten. Non-Custodial Wallets bieten Benutzern die volle Kontrolle \u00fcber ihre kryptografischen Assets und sind im Allgemeinen sicherer als custodial-Wallets (Custodial Wallets). Dies liegt daran, dass die Benutzer die Private Keys ihrer kryptografischen Assets selbst verwalten. Dar\u00fcber hinaus k\u00f6nnen sie ihre Assets jederzeit ohne die Hilfe einer Drittpartei bewegen.<\/p>\n<p>Non-Custodial Wallets werden h\u00e4ufig als hot wallets oder cold wallets bezeichnet. Hot wallets sind Online-Wallets, bei denen die Benutzer die Private Keys \u00fcber das Internet verwalten. Cold wallets sind Offline-Wallets, bei denen die Private Keys lokal auf dem Ger\u00e4t des Benutzers gespeichert werden. Cold wallets sind im Allgemeinen sicherer als hot wallets, da sie nicht dem Risiko des Hacks oder des Missbrauchs durch Dritte ausgesetzt sind.<\/p>\n<p>Non-Custodial Wallets k\u00f6nnen auf verschiedene Arten erstellt werden. Benutzer k\u00f6nnen entweder Software-Wallets herunterladen und installieren, Hardware-Wallets kaufen oder Papier-Wallets erstellen, bei denen die Private Keys auf Papier geschrieben werden. Der Prozess der Erstellung einer Non-Custodial Wallet kann je nach Art der Wallet variieren.<\/p>\n<p>Es gibt verschiedene Vorteile, die mit der Verwendung einer Non-Custodial Wallet verbunden sind. Zum einen bietet es den Benutzern die volle Kontrolle \u00fcber ihre kryptografischen Assets, ohne dass eine Drittpartei eingeschaltet werden muss. Auf diese Weise k\u00f6nnen sie ihre Assets jederzeit an andere Adressen senden und empfangen, ohne sich Sorgen \u00fcber die Sicherheit ihrer Private Keys machen zu m\u00fcssen. Dar\u00fcber hinaus sind Non-Custodial Wallets auch kosteng\u00fcnstiger als custodial-Wallets, da sie keine Geb\u00fchren f\u00fcr die Verwaltung und Nutzung ihrer Assets erheben.<\/p>\n<p>In Bezug auf die Sicherheit sind Non-Custodial Wallets im Allgemeinen sicherer als custodial-Wallets. Da die Benutzer die Private Keys selbst verwalten, sind sie nicht dem Risiko von Hacks oder Missbrauch durch Dritte ausgesetzt. Dar\u00fcber hinaus sind Non-Custodial Wallets auch weniger anf\u00e4llig f\u00fcr technische Fehler als custodial-Wallets, die in der Regel komplexere Systeme nutzen.<\/p>\n<p>Non-Custodial Wallets haben sich zu einer bevorzugten Option f\u00fcr Benutzer entwickelt, die ihre kryptografischen Assets selbst verwalten m\u00f6chten. Da sie keine Geb\u00fchren erheben und im Allgemeinen sicherer als custodial-Wallets sind, sind sie eine bequeme und kosteneffiziente Option f\u00fcr Benutzer, die ihre kryptografischen Assets verwalten m\u00f6chten.<\/p>\n","protected":false},"excerpt":{"rendered":"<p>Eine Non-Custodial Wallet ist eine Art von Kryptow\u00e4hrungs-Wallet, die keine Drittpartei ben\u00f6tigt, um den Besitz der W\u00e4hrung zu \u00fcberpr\u00fcfen oder zu verwalten. Non-Custodial Wallets bieten Benutzern die volle Kontrolle \u00fcber ihre kryptografischen Assets und sind im Allgemeinen sicherer als custodial-Wallets (Custodial Wallets). Dies liegt daran, dass die Benutzer die Private Keys ihrer kryptografischen Assets selbst [&hellip;]<\/p>\n","protected":false},"author":1,"featured_media":0,"parent":0,"menu_order":0,"comment_status":"closed","ping_status":"closed","template":"","meta":{"footnotes":""},"class_list":["post-3130","page","type-page","status-publish","hentry"],"yoast_head":"<!-- This site is optimized with the Yoast SEO plugin v25.4 - https:\/\/yoast.com\/wordpress\/plugins\/seo\/ -->\n<title>Non Custodial Wallet - Leipziger Zeitung<\/title>\n<meta name=\"robots\" content=\"index, follow, max-snippet:-1, max-image-preview:large, max-video-preview:-1\" \/>\n<link rel=\"canonical\" href=\"https:\/\/www.l-iz.de\/finanzen\/non-custodial-wallet\/\" \/>\n<meta property=\"og:locale\" content=\"de_DE\" \/>\n<meta property=\"og:type\" content=\"article\" \/>\n<meta property=\"og:title\" content=\"Non Custodial Wallet - Leipziger Zeitung\" \/>\n<meta property=\"og:description\" content=\"Eine Non-Custodial Wallet ist eine Art von Kryptow\u00e4hrungs-Wallet, die keine Drittpartei ben\u00f6tigt, um den Besitz der W\u00e4hrung zu \u00fcberpr\u00fcfen oder zu verwalten. Non-Custodial Wallets bieten Benutzern die volle Kontrolle \u00fcber ihre kryptografischen Assets und sind im Allgemeinen sicherer als custodial-Wallets (Custodial Wallets). Dies liegt daran, dass die Benutzer die Private Keys ihrer kryptografischen Assets selbst [&hellip;]\" \/>\n<meta property=\"og:url\" content=\"https:\/\/www.l-iz.de\/finanzen\/non-custodial-wallet\/\" \/>\n<meta property=\"og:site_name\" content=\"Leipziger Zeitung\" \/>\n<meta property=\"article:publisher\" content=\"https:\/\/www.facebook.com\/LeipzigerInternetZeitung\" \/>\n<meta property=\"article:modified_time\" content=\"2023-07-06T13:58:56+00:00\" \/>\n<meta name=\"twitter:card\" content=\"summary_large_image\" \/>\n<meta name=\"twitter:label1\" content=\"Gesch\u00e4tzte Lesezeit\" \/>\n\t<meta name=\"twitter:data1\" content=\"2\u00a0Minuten\" \/>\n<script type=\"application\/ld+json\" class=\"yoast-schema-graph\">{\"@context\":\"https:\/\/schema.org\",\"@graph\":[{\"@type\":\"WebPage\",\"@id\":\"https:\/\/www.l-iz.de\/finanzen\/non-custodial-wallet\/\",\"url\":\"https:\/\/www.l-iz.de\/finanzen\/non-custodial-wallet\/\",\"name\":\"Non Custodial Wallet - Leipziger Zeitung\",\"isPartOf\":{\"@id\":\"https:\/\/www.l-iz.de\/finanzen\/#website\"},\"datePublished\":\"2023-03-22T19:03:09+00:00\",\"dateModified\":\"2023-07-06T13:58:56+00:00\",\"breadcrumb\":{\"@id\":\"https:\/\/www.l-iz.de\/finanzen\/non-custodial-wallet\/#breadcrumb\"},\"inLanguage\":\"de\",\"potentialAction\":[{\"@type\":\"ReadAction\",\"target\":[\"https:\/\/www.l-iz.de\/finanzen\/non-custodial-wallet\/\"]}]},{\"@type\":\"BreadcrumbList\",\"@id\":\"https:\/\/www.l-iz.de\/finanzen\/non-custodial-wallet\/#breadcrumb\",\"itemListElement\":[{\"@type\":\"ListItem\",\"position\":1,\"name\":\"Startseite\",\"item\":\"https:\/\/www.l-iz.de\/finanzen\/\"},{\"@type\":\"ListItem\",\"position\":2,\"name\":\"Non Custodial Wallet\"}]},{\"@type\":\"WebSite\",\"@id\":\"https:\/\/www.l-iz.de\/finanzen\/#website\",\"url\":\"https:\/\/www.l-iz.de\/finanzen\/\",\"name\":\"Leipziger Zeitung\",\"description\":\"Finanz-Anbieter Vergleich &amp; Test [yyyy]: Bewertungen + Erfahrungen\",\"publisher\":{\"@id\":\"https:\/\/www.l-iz.de\/finanzen\/#organization\"},\"potentialAction\":[{\"@type\":\"SearchAction\",\"target\":{\"@type\":\"EntryPoint\",\"urlTemplate\":\"https:\/\/www.l-iz.de\/finanzen\/?s={search_term_string}\"},\"query-input\":{\"@type\":\"PropertyValueSpecification\",\"valueRequired\":true,\"valueName\":\"search_term_string\"}}],\"inLanguage\":\"de\"},{\"@type\":\"Organization\",\"@id\":\"https:\/\/www.l-iz.de\/finanzen\/#organization\",\"name\":\"LZ Medien GmbH\",\"url\":\"https:\/\/www.l-iz.de\/finanzen\/\",\"logo\":{\"@type\":\"ImageObject\",\"inLanguage\":\"de\",\"@id\":\"https:\/\/www.l-iz.de\/finanzen\/#\/schema\/logo\/image\/\",\"url\":\"https:\/\/www.l-iz.de\/finanzen\/wp-content\/uploads\/2022\/09\/cropped-l-iz-logo.jpg\",\"contentUrl\":\"https:\/\/www.l-iz.de\/finanzen\/wp-content\/uploads\/2022\/09\/cropped-l-iz-logo.jpg\",\"width\":1280,\"height\":387,\"caption\":\"LZ Medien GmbH\"},\"image\":{\"@id\":\"https:\/\/www.l-iz.de\/finanzen\/#\/schema\/logo\/image\/\"},\"sameAs\":[\"https:\/\/www.facebook.com\/LeipzigerInternetZeitung\",\"https:\/\/www.youtube.com\/c\/L-izDe\"]}]}<\/script>\n<!-- \/ Yoast SEO plugin. -->","yoast_head_json":{"title":"Non Custodial Wallet - Leipziger Zeitung","robots":{"index":"index","follow":"follow","max-snippet":"max-snippet:-1","max-image-preview":"max-image-preview:large","max-video-preview":"max-video-preview:-1"},"canonical":"https:\/\/www.l-iz.de\/finanzen\/non-custodial-wallet\/","og_locale":"de_DE","og_type":"article","og_title":"Non Custodial Wallet - Leipziger Zeitung","og_description":"Eine Non-Custodial Wallet ist eine Art von Kryptow\u00e4hrungs-Wallet, die keine Drittpartei ben\u00f6tigt, um den Besitz der W\u00e4hrung zu \u00fcberpr\u00fcfen oder zu verwalten. Non-Custodial Wallets bieten Benutzern die volle Kontrolle \u00fcber ihre kryptografischen Assets und sind im Allgemeinen sicherer als custodial-Wallets (Custodial Wallets). Dies liegt daran, dass die Benutzer die Private Keys ihrer kryptografischen Assets selbst [&hellip;]","og_url":"https:\/\/www.l-iz.de\/finanzen\/non-custodial-wallet\/","og_site_name":"Leipziger Zeitung","article_publisher":"https:\/\/www.facebook.com\/LeipzigerInternetZeitung","article_modified_time":"2023-07-06T13:58:56+00:00","twitter_card":"summary_large_image","twitter_misc":{"Gesch\u00e4tzte Lesezeit":"2\u00a0Minuten"},"schema":{"@context":"https:\/\/schema.org","@graph":[{"@type":"WebPage","@id":"https:\/\/www.l-iz.de\/finanzen\/non-custodial-wallet\/","url":"https:\/\/www.l-iz.de\/finanzen\/non-custodial-wallet\/","name":"Non Custodial Wallet - Leipziger Zeitung","isPartOf":{"@id":"https:\/\/www.l-iz.de\/finanzen\/#website"},"datePublished":"2023-03-22T19:03:09+00:00","dateModified":"2023-07-06T13:58:56+00:00","breadcrumb":{"@id":"https:\/\/www.l-iz.de\/finanzen\/non-custodial-wallet\/#breadcrumb"},"inLanguage":"de","potentialAction":[{"@type":"ReadAction","target":["https:\/\/www.l-iz.de\/finanzen\/non-custodial-wallet\/"]}]},{"@type":"BreadcrumbList","@id":"https:\/\/www.l-iz.de\/finanzen\/non-custodial-wallet\/#breadcrumb","itemListElement":[{"@type":"ListItem","position":1,"name":"Startseite","item":"https:\/\/www.l-iz.de\/finanzen\/"},{"@type":"ListItem","position":2,"name":"Non Custodial Wallet"}]},{"@type":"WebSite","@id":"https:\/\/www.l-iz.de\/finanzen\/#website","url":"https:\/\/www.l-iz.de\/finanzen\/","name":"Leipziger Zeitung","description":"Finanz-Anbieter Vergleich &amp; Test [yyyy]: Bewertungen + Erfahrungen","publisher":{"@id":"https:\/\/www.l-iz.de\/finanzen\/#organization"},"potentialAction":[{"@type":"SearchAction","target":{"@type":"EntryPoint","urlTemplate":"https:\/\/www.l-iz.de\/finanzen\/?s={search_term_string}"},"query-input":{"@type":"PropertyValueSpecification","valueRequired":true,"valueName":"search_term_string"}}],"inLanguage":"de"},{"@type":"Organization","@id":"https:\/\/www.l-iz.de\/finanzen\/#organization","name":"LZ Medien GmbH","url":"https:\/\/www.l-iz.de\/finanzen\/","logo":{"@type":"ImageObject","inLanguage":"de","@id":"https:\/\/www.l-iz.de\/finanzen\/#\/schema\/logo\/image\/","url":"https:\/\/www.l-iz.de\/finanzen\/wp-content\/uploads\/2022\/09\/cropped-l-iz-logo.jpg","contentUrl":"https:\/\/www.l-iz.de\/finanzen\/wp-content\/uploads\/2022\/09\/cropped-l-iz-logo.jpg","width":1280,"height":387,"caption":"LZ Medien GmbH"},"image":{"@id":"https:\/\/www.l-iz.de\/finanzen\/#\/schema\/logo\/image\/"},"sameAs":["https:\/\/www.facebook.com\/LeipzigerInternetZeitung","https:\/\/www.youtube.com\/c\/L-izDe"]}]}},"_links":{"self":[{"href":"https:\/\/www.l-iz.de\/finanzen\/wp-json\/wp\/v2\/pages\/3130","targetHints":{"allow":["GET"]}}],"collection":[{"href":"https:\/\/www.l-iz.de\/finanzen\/wp-json\/wp\/v2\/pages"}],"about":[{"href":"https:\/\/www.l-iz.de\/finanzen\/wp-json\/wp\/v2\/types\/page"}],"author":[{"embeddable":true,"href":"https:\/\/www.l-iz.de\/finanzen\/wp-json\/wp\/v2\/users\/1"}],"replies":[{"embeddable":true,"href":"https:\/\/www.l-iz.de\/finanzen\/wp-json\/wp\/v2\/comments?post=3130"}],"version-history":[{"count":1,"href":"https:\/\/www.l-iz.de\/finanzen\/wp-json\/wp\/v2\/pages\/3130\/revisions"}],"predecessor-version":[{"id":7644,"href":"https:\/\/www.l-iz.de\/finanzen\/wp-json\/wp\/v2\/pages\/3130\/revisions\/7644"}],"wp:attachment":[{"href":"https:\/\/www.l-iz.de\/finanzen\/wp-json\/wp\/v2\/media?parent=3130"}],"curies":[{"name":"wp","href":"https:\/\/api.w.org\/{rel}","templated":true}]}}