{"id":3143,"date":"2023-03-22T20:14:23","date_gmt":"2023-03-22T19:14:23","guid":{"rendered":"https:\/\/soccerfield24.com\/trust-wallet-erfahrungen\/"},"modified":"2023-03-22T20:14:23","modified_gmt":"2023-03-22T19:14:23","slug":"trust-wallet-erfahrungen","status":"publish","type":"page","link":"https:\/\/www.l-iz.de\/finanzen\/trust-wallet-erfahrungen\/","title":{"rendered":"Trust Wallet Erfahrungen"},"content":{"rendered":"<p>Trust Wallet ist eine Kryptow\u00e4hrungs-Wallet, die sich durch ein einfaches Interface, eine breite Unterst\u00fctzung f\u00fcr Kryptow\u00e4hrungen und eine starke Sicherheit auszeichnet. Es ist eine der vertrauensw\u00fcrdigsten und sichersten Wallets am Markt, was sie zu einer bevorzugten Wahl f\u00fcr Kryptow\u00e4hrungsinvestoren macht.<\/p>\n<p>Trust Wallet ist eine Open-Source-Wallet, die viele verschiedene Kryptow\u00e4hrungen unterst\u00fctzt, darunter Ethereum, Bitcoin, Litecoin und viele andere. Sie k\u00f6nnen mehrere W\u00e4hrungen in einer einzigen Wallet speichern und zwischen ihnen wechseln, ohne jedes Mal eine neue Wallet erstellen zu m\u00fcssen. Trust Wallet ist auch mit ERC20- und ERC721-Token kompatibel, was bedeutet, dass Sie auf Trust Wallet auch viele andere Krypto-Assets speichern k\u00f6nnen.<\/p>\n<p>Trust Wallet bietet ein sehr intuitives und benutzerfreundliches Interface, mit dem Nutzer schnell und einfach <a href=\"https:\/\/www.l-iz.de\/finanzen\/kryptowaehrungen-kaufen\/\" data-internallinksmanager029f6b8e52c=\"76\" title=\"Kryptow\u00e4hrungen kaufen\">Kryptow\u00e4hrungen kaufen<\/a>, verkaufen und handeln k\u00f6nnen. Es gibt eine einfache Dashboard-Ansicht, die Ihnen Ihren Kontostand und Ihre Transaktionen anzeigt. Es gibt auch einen integrierten Krypto-Austausch, mit dem Sie Kryptow\u00e4hrungen zu den besten verf\u00fcgbaren Preisen und Geb\u00fchren kaufen, verkaufen und handeln k\u00f6nnen.<\/p>\n<p>Trust Wallet ist auch eine sehr sichere Wallet. Alle privaten Schl\u00fcssel werden auf Ger\u00e4ten gespeichert, die nicht mit dem Internet verbunden sind, was bedeutet, dass sie so sicher wie m\u00f6glich sind. Au\u00dferdem bietet Trust Wallet eine zus\u00e4tzliche E-Mail-Best\u00e4tigungsfunktion f\u00fcr jede Transaktion, die Sie auf Ihrer Wallet durchf\u00fchren, damit Sie jede Transaktion \u00fcberpr\u00fcfen k\u00f6nnen, bevor sie ausgef\u00fchrt wird.<\/p>\n<p>Trust Wallet wird von einem engagierten und erfahrenen Team von Experten verwaltet, die daf\u00fcr sorgen, dass die Wallet zu jeder Zeit voll funktionsf\u00e4hig und sicher ist. Sie sind st\u00e4ndig bem\u00fcht, verbesserte Funktionen und Verbesserungen an Trust Wallet vorzunehmen.<\/p>\n<p>Insgesamt ist Trust Wallet eine hervorragende Wahl f\u00fcr Anleger, die eine sichere, benutzerfreundliche und leistungsstarke Wallet ben\u00f6tigen. Es ist eine sehr sichere und leicht zu bedienende Wallet, die eine breite Palette an Kryptow\u00e4hrungen unterst\u00fctzt und ein einfaches Interface bietet. Es ist eine sehr empfehlenswerte Option f\u00fcr alle, die nach einer zuverl\u00e4ssigen und sicheren Wallet suchen.<\/p>\n","protected":false},"excerpt":{"rendered":"<p>Trust Wallet ist eine Kryptow\u00e4hrungs-Wallet, die sich durch ein einfaches Interface, eine breite Unterst\u00fctzung f\u00fcr Kryptow\u00e4hrungen und eine starke Sicherheit auszeichnet. Es ist eine der vertrauensw\u00fcrdigsten und sichersten Wallets am Markt, was sie zu einer bevorzugten Wahl f\u00fcr Kryptow\u00e4hrungsinvestoren macht. Trust Wallet ist eine Open-Source-Wallet, die viele verschiedene Kryptow\u00e4hrungen unterst\u00fctzt, darunter Ethereum, Bitcoin, Litecoin und [&hellip;]<\/p>\n","protected":false},"author":1,"featured_media":0,"parent":0,"menu_order":0,"comment_status":"closed","ping_status":"closed","template":"","meta":{"footnotes":""},"class_list":["post-3143","page","type-page","status-publish","hentry"],"yoast_head":"<!-- This site is optimized with the Yoast SEO plugin v25.4 - https:\/\/yoast.com\/wordpress\/plugins\/seo\/ -->\n<title>Trust Wallet Erfahrungen - Leipziger Zeitung<\/title>\n<meta name=\"robots\" content=\"index, follow, max-snippet:-1, max-image-preview:large, max-video-preview:-1\" \/>\n<link rel=\"canonical\" href=\"https:\/\/www.l-iz.de\/finanzen\/trust-wallet-erfahrungen\/\" \/>\n<meta property=\"og:locale\" content=\"de_DE\" \/>\n<meta property=\"og:type\" content=\"article\" \/>\n<meta property=\"og:title\" content=\"Trust Wallet Erfahrungen - Leipziger Zeitung\" \/>\n<meta property=\"og:description\" content=\"Trust Wallet ist eine Kryptow\u00e4hrungs-Wallet, die sich durch ein einfaches Interface, eine breite Unterst\u00fctzung f\u00fcr Kryptow\u00e4hrungen und eine starke Sicherheit auszeichnet. Es ist eine der vertrauensw\u00fcrdigsten und sichersten Wallets am Markt, was sie zu einer bevorzugten Wahl f\u00fcr Kryptow\u00e4hrungsinvestoren macht. Trust Wallet ist eine Open-Source-Wallet, die viele verschiedene Kryptow\u00e4hrungen unterst\u00fctzt, darunter Ethereum, Bitcoin, Litecoin und [&hellip;]\" \/>\n<meta property=\"og:url\" content=\"https:\/\/www.l-iz.de\/finanzen\/trust-wallet-erfahrungen\/\" \/>\n<meta property=\"og:site_name\" content=\"Leipziger Zeitung\" \/>\n<meta property=\"article:publisher\" content=\"https:\/\/www.facebook.com\/LeipzigerInternetZeitung\" \/>\n<meta name=\"twitter:card\" content=\"summary_large_image\" \/>\n<meta name=\"twitter:label1\" content=\"Gesch\u00e4tzte Lesezeit\" \/>\n\t<meta name=\"twitter:data1\" content=\"2\u00a0Minuten\" \/>\n<script type=\"application\/ld+json\" class=\"yoast-schema-graph\">{\"@context\":\"https:\/\/schema.org\",\"@graph\":[{\"@type\":\"WebPage\",\"@id\":\"https:\/\/www.l-iz.de\/finanzen\/trust-wallet-erfahrungen\/\",\"url\":\"https:\/\/www.l-iz.de\/finanzen\/trust-wallet-erfahrungen\/\",\"name\":\"Trust Wallet Erfahrungen - Leipziger Zeitung\",\"isPartOf\":{\"@id\":\"https:\/\/www.l-iz.de\/finanzen\/#website\"},\"datePublished\":\"2023-03-22T19:14:23+00:00\",\"breadcrumb\":{\"@id\":\"https:\/\/www.l-iz.de\/finanzen\/trust-wallet-erfahrungen\/#breadcrumb\"},\"inLanguage\":\"de\",\"potentialAction\":[{\"@type\":\"ReadAction\",\"target\":[\"https:\/\/www.l-iz.de\/finanzen\/trust-wallet-erfahrungen\/\"]}]},{\"@type\":\"BreadcrumbList\",\"@id\":\"https:\/\/www.l-iz.de\/finanzen\/trust-wallet-erfahrungen\/#breadcrumb\",\"itemListElement\":[{\"@type\":\"ListItem\",\"position\":1,\"name\":\"Startseite\",\"item\":\"https:\/\/www.l-iz.de\/finanzen\/\"},{\"@type\":\"ListItem\",\"position\":2,\"name\":\"Trust Wallet Erfahrungen\"}]},{\"@type\":\"WebSite\",\"@id\":\"https:\/\/www.l-iz.de\/finanzen\/#website\",\"url\":\"https:\/\/www.l-iz.de\/finanzen\/\",\"name\":\"Leipziger Zeitung\",\"description\":\"Finanz-Anbieter Vergleich &amp; Test [yyyy]: Bewertungen + Erfahrungen\",\"publisher\":{\"@id\":\"https:\/\/www.l-iz.de\/finanzen\/#organization\"},\"potentialAction\":[{\"@type\":\"SearchAction\",\"target\":{\"@type\":\"EntryPoint\",\"urlTemplate\":\"https:\/\/www.l-iz.de\/finanzen\/?s={search_term_string}\"},\"query-input\":{\"@type\":\"PropertyValueSpecification\",\"valueRequired\":true,\"valueName\":\"search_term_string\"}}],\"inLanguage\":\"de\"},{\"@type\":\"Organization\",\"@id\":\"https:\/\/www.l-iz.de\/finanzen\/#organization\",\"name\":\"LZ Medien GmbH\",\"url\":\"https:\/\/www.l-iz.de\/finanzen\/\",\"logo\":{\"@type\":\"ImageObject\",\"inLanguage\":\"de\",\"@id\":\"https:\/\/www.l-iz.de\/finanzen\/#\/schema\/logo\/image\/\",\"url\":\"https:\/\/www.l-iz.de\/finanzen\/wp-content\/uploads\/2022\/09\/cropped-l-iz-logo.jpg\",\"contentUrl\":\"https:\/\/www.l-iz.de\/finanzen\/wp-content\/uploads\/2022\/09\/cropped-l-iz-logo.jpg\",\"width\":1280,\"height\":387,\"caption\":\"LZ Medien GmbH\"},\"image\":{\"@id\":\"https:\/\/www.l-iz.de\/finanzen\/#\/schema\/logo\/image\/\"},\"sameAs\":[\"https:\/\/www.facebook.com\/LeipzigerInternetZeitung\",\"https:\/\/www.youtube.com\/c\/L-izDe\"]}]}<\/script>\n<!-- \/ Yoast SEO plugin. -->","yoast_head_json":{"title":"Trust Wallet Erfahrungen - Leipziger Zeitung","robots":{"index":"index","follow":"follow","max-snippet":"max-snippet:-1","max-image-preview":"max-image-preview:large","max-video-preview":"max-video-preview:-1"},"canonical":"https:\/\/www.l-iz.de\/finanzen\/trust-wallet-erfahrungen\/","og_locale":"de_DE","og_type":"article","og_title":"Trust Wallet Erfahrungen - Leipziger Zeitung","og_description":"Trust Wallet ist eine Kryptow\u00e4hrungs-Wallet, die sich durch ein einfaches Interface, eine breite Unterst\u00fctzung f\u00fcr Kryptow\u00e4hrungen und eine starke Sicherheit auszeichnet. Es ist eine der vertrauensw\u00fcrdigsten und sichersten Wallets am Markt, was sie zu einer bevorzugten Wahl f\u00fcr Kryptow\u00e4hrungsinvestoren macht. Trust Wallet ist eine Open-Source-Wallet, die viele verschiedene Kryptow\u00e4hrungen unterst\u00fctzt, darunter Ethereum, Bitcoin, Litecoin und [&hellip;]","og_url":"https:\/\/www.l-iz.de\/finanzen\/trust-wallet-erfahrungen\/","og_site_name":"Leipziger Zeitung","article_publisher":"https:\/\/www.facebook.com\/LeipzigerInternetZeitung","twitter_card":"summary_large_image","twitter_misc":{"Gesch\u00e4tzte Lesezeit":"2\u00a0Minuten"},"schema":{"@context":"https:\/\/schema.org","@graph":[{"@type":"WebPage","@id":"https:\/\/www.l-iz.de\/finanzen\/trust-wallet-erfahrungen\/","url":"https:\/\/www.l-iz.de\/finanzen\/trust-wallet-erfahrungen\/","name":"Trust Wallet Erfahrungen - Leipziger Zeitung","isPartOf":{"@id":"https:\/\/www.l-iz.de\/finanzen\/#website"},"datePublished":"2023-03-22T19:14:23+00:00","breadcrumb":{"@id":"https:\/\/www.l-iz.de\/finanzen\/trust-wallet-erfahrungen\/#breadcrumb"},"inLanguage":"de","potentialAction":[{"@type":"ReadAction","target":["https:\/\/www.l-iz.de\/finanzen\/trust-wallet-erfahrungen\/"]}]},{"@type":"BreadcrumbList","@id":"https:\/\/www.l-iz.de\/finanzen\/trust-wallet-erfahrungen\/#breadcrumb","itemListElement":[{"@type":"ListItem","position":1,"name":"Startseite","item":"https:\/\/www.l-iz.de\/finanzen\/"},{"@type":"ListItem","position":2,"name":"Trust Wallet Erfahrungen"}]},{"@type":"WebSite","@id":"https:\/\/www.l-iz.de\/finanzen\/#website","url":"https:\/\/www.l-iz.de\/finanzen\/","name":"Leipziger Zeitung","description":"Finanz-Anbieter Vergleich &amp; Test [yyyy]: Bewertungen + Erfahrungen","publisher":{"@id":"https:\/\/www.l-iz.de\/finanzen\/#organization"},"potentialAction":[{"@type":"SearchAction","target":{"@type":"EntryPoint","urlTemplate":"https:\/\/www.l-iz.de\/finanzen\/?s={search_term_string}"},"query-input":{"@type":"PropertyValueSpecification","valueRequired":true,"valueName":"search_term_string"}}],"inLanguage":"de"},{"@type":"Organization","@id":"https:\/\/www.l-iz.de\/finanzen\/#organization","name":"LZ Medien GmbH","url":"https:\/\/www.l-iz.de\/finanzen\/","logo":{"@type":"ImageObject","inLanguage":"de","@id":"https:\/\/www.l-iz.de\/finanzen\/#\/schema\/logo\/image\/","url":"https:\/\/www.l-iz.de\/finanzen\/wp-content\/uploads\/2022\/09\/cropped-l-iz-logo.jpg","contentUrl":"https:\/\/www.l-iz.de\/finanzen\/wp-content\/uploads\/2022\/09\/cropped-l-iz-logo.jpg","width":1280,"height":387,"caption":"LZ Medien GmbH"},"image":{"@id":"https:\/\/www.l-iz.de\/finanzen\/#\/schema\/logo\/image\/"},"sameAs":["https:\/\/www.facebook.com\/LeipzigerInternetZeitung","https:\/\/www.youtube.com\/c\/L-izDe"]}]}},"_links":{"self":[{"href":"https:\/\/www.l-iz.de\/finanzen\/wp-json\/wp\/v2\/pages\/3143","targetHints":{"allow":["GET"]}}],"collection":[{"href":"https:\/\/www.l-iz.de\/finanzen\/wp-json\/wp\/v2\/pages"}],"about":[{"href":"https:\/\/www.l-iz.de\/finanzen\/wp-json\/wp\/v2\/types\/page"}],"author":[{"embeddable":true,"href":"https:\/\/www.l-iz.de\/finanzen\/wp-json\/wp\/v2\/users\/1"}],"replies":[{"embeddable":true,"href":"https:\/\/www.l-iz.de\/finanzen\/wp-json\/wp\/v2\/comments?post=3143"}],"version-history":[{"count":0,"href":"https:\/\/www.l-iz.de\/finanzen\/wp-json\/wp\/v2\/pages\/3143\/revisions"}],"wp:attachment":[{"href":"https:\/\/www.l-iz.de\/finanzen\/wp-json\/wp\/v2\/media?parent=3143"}],"curies":[{"name":"wp","href":"https:\/\/api.w.org\/{rel}","templated":true}]}}