{"id":3211,"date":"2023-03-22T20:41:05","date_gmt":"2023-03-22T19:41:05","guid":{"rendered":"https:\/\/www.l-iz.de\/vpn\/bestes-rechnungsprogramm\/"},"modified":"2024-04-21T12:00:00","modified_gmt":"2024-04-21T10:00:00","slug":"bestes-rechnungsprogramm","status":"publish","type":"page","link":"https:\/\/www.l-iz.de\/vpn\/bestes-rechnungsprogramm\/","title":{"rendered":"Bestes Rechnungsprogramm"},"content":{"rendered":"<p>Rechnungsprogramme sind eine gro\u00dfartige M\u00f6glichkeit f\u00fcr Unternehmen, ihre Finanzen schnell und effizient zu verwalten. Es ist jedoch schwierig, das beste Rechnungsprogramm auszuw\u00e4hlen, da es viele verschiedene Optionen gibt und jede Option ihre eigenen Vor- und Nachteile hat. Ein gutes Rechnungsprogramm sollte auch benutzerfreundlich sein, so dass es f\u00fcr jeden leicht zu bedienen ist.<\/p>\n<p>Eines der wichtigsten Dinge, die man bei der Auswahl eines Rechnungsprogramms beachten sollte, ist, dass es eine gute Anzahl von Funktionen bietet, die Ihren Anforderungen entsprechen. Bei vielen Rechnungsprogrammen handelt es sich um Software als Service (SaaS), was bedeutet, dass sie online verf\u00fcgbar sind und Sie sich keine Sorgen machen m\u00fcssen, dass Ihre Daten auf einem lokalen Computer gespeichert werden. Einige Programme enthalten Funktionen wie automatisierte Erinnerungen, wiederkehrende Rechnungen, automatische Zahlungserinnerungen und mehr. Ein weiteres wichtiges Merkmal ist die Benutzerfreundlichkeit. Ein benutzerfreundliches Programm ist einfach zu bedienen, sodass jeder in Ihrem Unternehmen es leicht lernen und nutzen kann.<\/p>\n<p>Ein weiteres wichtiges Merkmal eines guten Rechnungsprogramms ist die Sicherheit. Ein sicheres Programm bietet eine Reihe von Schutzmechanismen, um Ihre Daten vor unbefugtem Zugriff zu sch\u00fctzen. Stellen Sie sicher, dass das Programm, das Sie verwenden, die neuesten Sicherheitsstandards erf\u00fcllt. Dar\u00fcber hinaus sollte es einfach sein, Backups Ihrer Daten anzulegen, sodass sie im Falle eines Verlustes wiederhergestellt werden k\u00f6nnen.<\/p>\n<p>Wenn Sie sich auf die Suche nach dem besten Rechnungsprogramm machen, ist es auch wichtig, dass es einen guten Kundenservice hat. Wenn Sie irgendwelche Fragen oder Bedenken haben, sollten Sie in der Lage sein, sich an den Kundendienst des Herstellers zu wenden und sicherzustellen, dass alle Ihre Anliegen schnell und effizient bearbeitet werden.<\/p>\n<p>Schlie\u00dflich ist es wichtig, dass Sie das Rechnungsprogramm finden, das Ihren Bed\u00fcrfnissen am besten entspricht. Denken Sie daran, dass die meisten Programme eine kostenlose Testversion anbieten, so dass Sie das Programm ausprobieren k\u00f6nnen, bevor Sie sich dazu entscheiden, es zu kaufen. Auf diese Weise k\u00f6nnen Sie sicherstellen, dass das Programm alle Ihre Anforderungen erf\u00fcllen und Ihnen eine gute Erfahrung bieten wird.<\/p>\n","protected":false},"excerpt":{"rendered":"<p>Rechnungsprogramme sind eine gro\u00dfartige M\u00f6glichkeit f\u00fcr Unternehmen, ihre Finanzen schnell und effizient zu verwalten. Es ist jedoch schwierig, das beste Rechnungsprogramm auszuw\u00e4hlen, da es viele verschiedene Optionen gibt und jede Option ihre eigenen Vor- und Nachteile hat. Ein gutes Rechnungsprogramm sollte auch benutzerfreundlich sein, so dass es f\u00fcr jeden leicht zu bedienen ist. Eines der [&hellip;]<\/p>\n","protected":false},"author":1,"featured_media":0,"parent":0,"menu_order":0,"comment_status":"closed","ping_status":"closed","template":"","meta":{"_lmt_disableupdate":"","_lmt_disable":"","footnotes":""},"tags":[],"class_list":["post-3211","page","type-page","status-publish","hentry"],"yoast_head":"<!-- This site is optimized with the Yoast SEO plugin v27.4 - https:\/\/yoast.com\/product\/yoast-seo-wordpress\/ -->\n<title>Bestes Rechnungsprogramm - Leipziger Zeitung<\/title>\n<meta name=\"robots\" content=\"index, follow, max-snippet:-1, max-image-preview:large, max-video-preview:-1\" \/>\n<link rel=\"canonical\" href=\"https:\/\/www.l-iz.de\/vpn\/bestes-rechnungsprogramm\/\" \/>\n<meta property=\"og:locale\" content=\"de_DE\" \/>\n<meta property=\"og:type\" content=\"article\" \/>\n<meta property=\"og:title\" content=\"Bestes Rechnungsprogramm - Leipziger Zeitung\" \/>\n<meta property=\"og:description\" content=\"Rechnungsprogramme sind eine gro\u00dfartige M\u00f6glichkeit f\u00fcr Unternehmen, ihre Finanzen schnell und effizient zu verwalten. Es ist jedoch schwierig, das beste Rechnungsprogramm auszuw\u00e4hlen, da es viele verschiedene Optionen gibt und jede Option ihre eigenen Vor- und Nachteile hat. Ein gutes Rechnungsprogramm sollte auch benutzerfreundlich sein, so dass es f\u00fcr jeden leicht zu bedienen ist. Eines der [&hellip;]\" \/>\n<meta property=\"og:url\" content=\"https:\/\/www.l-iz.de\/vpn\/bestes-rechnungsprogramm\/\" \/>\n<meta property=\"og:site_name\" content=\"Leipziger Zeitung\" \/>\n<meta property=\"article:publisher\" content=\"https:\/\/www.facebook.com\/LeipzigerInternetZeitung\" \/>\n<meta property=\"article:modified_time\" content=\"2024-04-21T10:00:00+00:00\" \/>\n<meta name=\"twitter:card\" content=\"summary_large_image\" \/>\n<meta name=\"twitter:label1\" content=\"Gesch\u00e4tzte Lesezeit\" \/>\n\t<meta name=\"twitter:data1\" content=\"2\u00a0Minuten\" \/>\n<script type=\"application\/ld+json\" class=\"yoast-schema-graph\">{\"@context\":\"https:\\\/\\\/schema.org\",\"@graph\":[{\"@type\":\"WebPage\",\"@id\":\"https:\\\/\\\/soccerfield24.com\\\/bestes-rechnungsprogramm\\\/\",\"url\":\"https:\\\/\\\/soccerfield24.com\\\/bestes-rechnungsprogramm\\\/\",\"name\":\"Bestes Rechnungsprogramm - Leipziger Zeitung\",\"isPartOf\":{\"@id\":\"https:\\\/\\\/soccerfield24.com\\\/#website\"},\"datePublished\":\"2023-03-22T19:41:05+00:00\",\"dateModified\":\"2024-04-21T10:00:00+00:00\",\"breadcrumb\":{\"@id\":\"https:\\\/\\\/soccerfield24.com\\\/bestes-rechnungsprogramm\\\/#breadcrumb\"},\"inLanguage\":\"de\",\"potentialAction\":[{\"@type\":\"ReadAction\",\"target\":[\"https:\\\/\\\/soccerfield24.com\\\/bestes-rechnungsprogramm\\\/\"]}]},{\"@type\":\"BreadcrumbList\",\"@id\":\"https:\\\/\\\/soccerfield24.com\\\/bestes-rechnungsprogramm\\\/#breadcrumb\",\"itemListElement\":[{\"@type\":\"ListItem\",\"position\":1,\"name\":\"Startseite\",\"item\":\"https:\\\/\\\/soccerfield24.com\\\/\"},{\"@type\":\"ListItem\",\"position\":2,\"name\":\"Bestes Rechnungsprogramm\"}]},{\"@type\":\"WebSite\",\"@id\":\"https:\\\/\\\/soccerfield24.com\\\/#website\",\"url\":\"https:\\\/\\\/soccerfield24.com\\\/\",\"name\":\"Leipziger Zeitung\",\"description\":\"VPN-Test: Die besten VPN-Anbieter im Vergleich [yyyy]\",\"publisher\":{\"@id\":\"https:\\\/\\\/soccerfield24.com\\\/#organization\"},\"potentialAction\":[{\"@type\":\"SearchAction\",\"target\":{\"@type\":\"EntryPoint\",\"urlTemplate\":\"https:\\\/\\\/soccerfield24.com\\\/?s={search_term_string}\"},\"query-input\":{\"@type\":\"PropertyValueSpecification\",\"valueRequired\":true,\"valueName\":\"search_term_string\"}}],\"inLanguage\":\"de\"},{\"@type\":\"Organization\",\"@id\":\"https:\\\/\\\/soccerfield24.com\\\/#organization\",\"name\":\"LZ Medien GmbH\",\"url\":\"https:\\\/\\\/soccerfield24.com\\\/\",\"logo\":{\"@type\":\"ImageObject\",\"inLanguage\":\"de\",\"@id\":\"https:\\\/\\\/soccerfield24.com\\\/#\\\/schema\\\/logo\\\/image\\\/\",\"url\":\"https:\\\/\\\/soccerfield24.com\\\/wp-content\\\/uploads\\\/2022\\\/09\\\/cropped-l-iz-logo.jpg\",\"contentUrl\":\"https:\\\/\\\/soccerfield24.com\\\/wp-content\\\/uploads\\\/2022\\\/09\\\/cropped-l-iz-logo.jpg\",\"width\":1280,\"height\":387,\"caption\":\"LZ Medien GmbH\"},\"image\":{\"@id\":\"https:\\\/\\\/soccerfield24.com\\\/#\\\/schema\\\/logo\\\/image\\\/\"},\"sameAs\":[\"https:\\\/\\\/www.facebook.com\\\/LeipzigerInternetZeitung\",\"https:\\\/\\\/www.youtube.com\\\/c\\\/L-izDe\"]}]}<\/script>\n<!-- \/ Yoast SEO plugin. -->","yoast_head_json":{"title":"Bestes Rechnungsprogramm - Leipziger Zeitung","robots":{"index":"index","follow":"follow","max-snippet":"max-snippet:-1","max-image-preview":"max-image-preview:large","max-video-preview":"max-video-preview:-1"},"canonical":"https:\/\/www.l-iz.de\/vpn\/bestes-rechnungsprogramm\/","og_locale":"de_DE","og_type":"article","og_title":"Bestes Rechnungsprogramm - Leipziger Zeitung","og_description":"Rechnungsprogramme sind eine gro\u00dfartige M\u00f6glichkeit f\u00fcr Unternehmen, ihre Finanzen schnell und effizient zu verwalten. Es ist jedoch schwierig, das beste Rechnungsprogramm auszuw\u00e4hlen, da es viele verschiedene Optionen gibt und jede Option ihre eigenen Vor- und Nachteile hat. Ein gutes Rechnungsprogramm sollte auch benutzerfreundlich sein, so dass es f\u00fcr jeden leicht zu bedienen ist. Eines der [&hellip;]","og_url":"https:\/\/www.l-iz.de\/vpn\/bestes-rechnungsprogramm\/","og_site_name":"Leipziger Zeitung","article_publisher":"https:\/\/www.facebook.com\/LeipzigerInternetZeitung","article_modified_time":"2024-04-21T10:00:00+00:00","twitter_card":"summary_large_image","twitter_misc":{"Gesch\u00e4tzte Lesezeit":"2\u00a0Minuten"},"schema":{"@context":"https:\/\/schema.org","@graph":[{"@type":"WebPage","@id":"https:\/\/www.l-iz.de\/vpn\/bestes-rechnungsprogramm\/","url":"https:\/\/www.l-iz.de\/vpn\/bestes-rechnungsprogramm\/","name":"Bestes Rechnungsprogramm - Leipziger Zeitung","isPartOf":{"@id":"https:\/\/www.l-iz.de\/vpn\/#website"},"datePublished":"2023-03-22T19:41:05+00:00","dateModified":"2024-04-21T10:00:00+00:00","breadcrumb":{"@id":"https:\/\/www.l-iz.de\/vpn\/bestes-rechnungsprogramm\/#breadcrumb"},"inLanguage":"de","potentialAction":[{"@type":"ReadAction","target":["https:\/\/www.l-iz.de\/vpn\/bestes-rechnungsprogramm\/"]}]},{"@type":"BreadcrumbList","@id":"https:\/\/www.l-iz.de\/vpn\/bestes-rechnungsprogramm\/#breadcrumb","itemListElement":[{"@type":"ListItem","position":1,"name":"Startseite","item":"https:\/\/www.l-iz.de\/vpn\/"},{"@type":"ListItem","position":2,"name":"Bestes Rechnungsprogramm"}]},{"@type":"WebSite","@id":"https:\/\/www.l-iz.de\/vpn\/#website","url":"https:\/\/www.l-iz.de\/vpn\/","name":"Leipziger Zeitung","description":"VPN-Test: Die besten VPN-Anbieter im Vergleich [yyyy]","publisher":{"@id":"https:\/\/www.l-iz.de\/vpn\/#organization"},"potentialAction":[{"@type":"SearchAction","target":{"@type":"EntryPoint","urlTemplate":"https:\/\/www.l-iz.de\/vpn\/?s={search_term_string}"},"query-input":{"@type":"PropertyValueSpecification","valueRequired":true,"valueName":"search_term_string"}}],"inLanguage":"de"},{"@type":"Organization","@id":"https:\/\/www.l-iz.de\/vpn\/#organization","name":"LZ Medien GmbH","url":"https:\/\/www.l-iz.de\/vpn\/","logo":{"@type":"ImageObject","inLanguage":"de","@id":"https:\/\/www.l-iz.de\/vpn\/#\/schema\/logo\/image\/","url":"https:\/\/www.l-iz.de\/vpn\/wp-content\/uploads\/2022\/09\/cropped-l-iz-logo.jpg","contentUrl":"https:\/\/www.l-iz.de\/vpn\/wp-content\/uploads\/2022\/09\/cropped-l-iz-logo.jpg","width":1280,"height":387,"caption":"LZ Medien GmbH"},"image":{"@id":"https:\/\/www.l-iz.de\/vpn\/#\/schema\/logo\/image\/"},"sameAs":["https:\/\/www.facebook.com\/LeipzigerInternetZeitung","https:\/\/www.youtube.com\/c\/L-izDe"]}]}},"_links":{"self":[{"href":"https:\/\/www.l-iz.de\/vpn\/wp-json\/wp\/v2\/pages\/3211","targetHints":{"allow":["GET"]}}],"collection":[{"href":"https:\/\/www.l-iz.de\/vpn\/wp-json\/wp\/v2\/pages"}],"about":[{"href":"https:\/\/www.l-iz.de\/vpn\/wp-json\/wp\/v2\/types\/page"}],"author":[{"embeddable":true,"href":"https:\/\/www.l-iz.de\/vpn\/wp-json\/wp\/v2\/users\/1"}],"replies":[{"embeddable":true,"href":"https:\/\/www.l-iz.de\/vpn\/wp-json\/wp\/v2\/comments?post=3211"}],"version-history":[{"count":1,"href":"https:\/\/www.l-iz.de\/vpn\/wp-json\/wp\/v2\/pages\/3211\/revisions"}],"predecessor-version":[{"id":8818,"href":"https:\/\/www.l-iz.de\/vpn\/wp-json\/wp\/v2\/pages\/3211\/revisions\/8818"}],"wp:attachment":[{"href":"https:\/\/www.l-iz.de\/vpn\/wp-json\/wp\/v2\/media?parent=3211"}],"wp:term":[{"taxonomy":"post_tag","embeddable":true,"href":"https:\/\/www.l-iz.de\/vpn\/wp-json\/wp\/v2\/tags?post=3211"}],"curies":[{"name":"wp","href":"https:\/\/api.w.org\/{rel}","templated":true}]}}